factor of 2878?
False
Does 85 divide 4118?
False
Does 100 divide 19500?
True
Is 33687 a multiple of 197?
True
Does 132 divide 4948?
False
Is 28 a factor of 1683?
False
Does 14 divide 423?
False
Is 388 a multiple of 4?
True
Is 114 a multiple of 3?
True
Is 42 a factor of 672?
True
Is 6 a factor of 169?
False
Is 24 a factor of 50784?
True
Is 25 a factor of 1622?
False
Is 3395 a multiple of 19?
False
Is 114 a multiple of 38?
True
Is 13959 a multiple of 15?
False
Is 2071 a multiple of 36?
False
Is 4046 a multiple of 143?
False
Is 13286 a multiple of 14?
True
Is 37 a factor of 5957?
True
Does 38 divide 1067?
False
Is 10 a factor of 34711?
False
Is 18369 a multiple of 157?
True
Is 5 a factor of 135?
True
Does 16 divide 3820?
False
Is 2925 a multiple of 66?
False
Does 20 divide 3080?
True
Is 43 a factor of 258?
True
Is 51900 a multiple of 100?
True
Is 8 a factor of 456?
True
Is 1364 a multiple of 22?
True
Does 14 divide 2506?
True
Is 15 a factor of 52215?
True
Does 7 divide 3769?
False
Does 53 divide 658?
False
Is 320 a multiple of 123?
False
Does 19 divide 1022?
False
Is 987 a multiple of 14?
False
Does 23 divide 84?
False
Is 129149 a multiple of 32?
False
Does 44 divide 220?
True
Does 19 divide 1330?
True
Is 12 a factor of 1179?
False
Is 1338 a multiple of 75?
False
Is 120 a factor of 8640?
True
Does 105 divide 5016?
False
Is 714 a multiple of 51?
True
Is 162 a multiple of 3?
True
Is 10 a factor of 300?
True
Does 17 divide 22166?
False
Is 33 a factor of 3280?
False
Does 215 divide 25899?
False
Is 8122 a multiple of 69?
False
Does 27 divide 24921?
True
Does 79 divide 10665?
True
Is 10 a factor of 2798?
False
Does 18 divide 4544?
False
Is 164 a factor of 12483?
False
Is 4126 a multiple of 9?
False
Does 6 divide 7932?
True
Is 9 a factor of 1150?
False
Is 32457 a multiple of 17?
False
Is 363 a multiple of 11?
True
Does 7 divide 10582?
False
Does 10 divide 3948?
False
Does 139 divide 4170?
True
Is 5 a factor of 2906?
False
Is 3036 a multiple of 44?
True
Does 6 divide 79?
False
Is 5 a factor of 29449?
False
Is 11 a factor of 814?
True
Is 68975 a multiple of 89?
True
Does 47 divide 51015?
False
Is 90 a factor of 17067?
False
Is 24 a factor of 2328?
True
Is 20 a factor of 3980?
True
Is 4469 a multiple of 13?
False
Is 8630 a multiple of 13?
False
Is 17 a factor of 25603?
False
Does 90 divide 5220?
True
Does 15 divide 855?
True
Is 39 a factor of 1131?
True
Is 2024 a multiple of 92?
True
Is 9818 a multiple of 70?
False
Is 27 a factor of 10859?
False
Is 1650 a multiple of 110?
True
Does 57 divide 970?
False
Is 16 a factor of 6848?
True
Is 43 a factor of 4671?
False
Is 56375 a multiple of 55?
True
Is 8 a factor of 2833?
False
Does 29 divide 6200?
False
Does 139 divide 2085?
True
Is 4 a factor of 267?
False
Is 1424 a multiple of 4?
True
Is 471 a factor of 42548?
False
Does 5 divide 5451?
False
Does 58 divide 798?
False
Is 61 a factor of 836?
False
Is 13098 a multiple of 88?
False
Is 2 a factor of 476?
True
Is 21 a factor of 3393?
False
Does 117 divide 1129?
False
Is 923 a multiple of 28?
False
Is 2 a factor of 612?
True
Is 118 a multiple of 6?
False
Is 1222 a multiple of 55?
False
Does 213 divide 13419?
True
Does 6 divide 1338?
True
Is 28 a factor of 17739?
False
Is 21268 a multiple of 44?
False
Is 59 a factor of 774?
False
Does 12 divide 84?
True
Does 38 divide 18240?
True
Is 19 a factor of 11096?
True
Does 47 divide 1410?
True
Does 28 divide 52920?
True
Is 21718 a multiple of 24?
False
Is 26 a factor of 1482?
True
Is 10 a factor of 1370?
True
Is 768 a multiple of 6?
True
Is 11 a factor of 5104?
True
Does 16 divide 522?
False
Does 3 divide 161?
False
Does 50 divide 1000?
True
Is 12472 a multiple of 61?
False
Is 34 a factor of 1083?
False
Does 93 divide 41664?
True
Is 2348 a multiple of 13?
False
Is 3440 a multiple of 5?
True
Is 2011 a multiple of 40?
False
Does 6 divide 1110?
True
Is 19 a factor of 46588?
True
Is 9 a factor of 99?
True
Is 3381 a multiple of 23?
True
Is 48 even?
True
Is 53 a factor of 3922?
True
Does 34 divide 625?
False
Is 19 a factor of 73796?
True
Does 33 divide 1194?
False
Does 29 divide 203?
True
Is 16 a factor of 3152?
True
Is 119 a factor of 2142?
True
Does 56 divide 5756?
False
Is 49 a factor of 426?
False
Is 655 a multiple of 6?
False
Is 420 a multiple of 6?
True
Does 31 divide 43959?
False
Is 364 a multiple of 26?
True
Is 651 a multiple of 21?
True
Is 332 a multiple of 7?
False
Does 38 divide 479?
False
Does 10 divide 460?
True
Is 7 a factor of 5129?
False
Does 34 divide 340?
True
Does 19 divide 800?
False
Does 7 divide 3815?
True
Is 11 a factor of 1504?
False
Does 169 divide 6796?
False
Does 20 divide 3239?
False
Does 22 divide 770?
True
Is 19240 a multiple of 10?
True
Is 384 a multiple of 64?
True
Is 7097 a multiple of 47?
True
Is 5265 a multiple of 65?
True
Is 127 a factor of 17970?
False
Does 4 divide 16595?
False
Is 7 a factor of 5894?
True
Does 157 divide 2166?
False
Is 22 a factor of 35737?
False
Is 221 a factor of 11050?
True
Is 5710 a multiple of 15?
False
Does 51 divide 4671?
False
Does 54 divide 4978?
False
Is 16 a factor of 44?
False
Does 13 divide 1268?
False
Is 85170 a multiple of 38?
False
Is 3 a factor of 100?
False
Does 7 divide 40?
False
Is 78319 a multiple of 289?
True
Is 8 a factor of 2851?
False
Is 23 a factor of 63963?
True
Does 169 divide 8503?
False
Is 10 a factor of 94?
False
Is 188 a factor of 7332?
True
Is 45 a multiple of 8?
False
Is 65 a factor of 348?
False
Is 230 a multiple of 2?
True
Is 203 a multiple of 29?
True
Does 44 divide 14696?
True
Does 7 divide 692?
False
Is 23 a factor of 2737?
True
Does 12 divide 8579?
False
Is 19818 a multiple of 54?
True
Is 3 a factor of 81?
True
Is 234 a multiple of 9?
True
Is 5 a factor of 8511?
False
Does 133 divide 5958?
False
Does 113 divide 18829?
False
Does 227 divide 35606?
False
Does 6 divide 24084?
True
Is 96 a multiple of 24?
True
Is 11510 a multiple of 8?
False
Is 43 a multiple of 13?
False
Is 2951 even?
False
Is 4 a factor of 1968?
True
Is 10 a factor of 624?
False
Is 1236 a multiple of 11?
False
Does 121 divide 6227?
False
Is 3131 a multiple of 31?
True
Is 2957 a multiple of 21?
False
Is 4056 a multiple of 24?
True
Does 104 divide 13764?
False
Is 23 a factor of 391?
True
Is 5 a factor of 1565?
True
Does 69 divide 12765?
True
Is 31 a factor of 58816?
False
Does 20 divide 1138?
False
Is 13 a factor of 18855?
False
Is 69 a factor of 30316?
False
Is 6564 a multiple of 12?
True
Does 31 divide 5203?
False
Does 24 divide 21960?
True
Is 84 a multiple of 5?
False
Is 56 a multiple of 8?
True
Is 39530 a multiple of 118?
True
Is 12915 a multiple of 35?
True
Does 8 divide 4736?
True
Is 53 a factor of 1688?
False
Is 4110 a multiple of 10?
True
Is 5823 a multiple of 9?
True
Does 15 divide 3185?
False
Is 119 a factor of 16303?
True
Is 22260 a multiple of 87?
False
Is 22 a factor of 330?
True
Is 16 a factor of 3392?
True
Does 14 divide 74704?
True
Is 34 a factor of 2075?
False
Is 9 a factor of 25462?
False
Does 72 divide 36549?
False
Does 18 divide 162?
True
Is 4522 a multiple of 34?
True
Does 20 divide 7815?
False
Is 39 a factor of 351?
True
Is 117 a factor of 57096?
True
Is 3712 a multiple of 36?
False
Is 33 a factor of 759?
True
Is 45 a factor of 403?
False
Is 3 a factor of 604?
False
Is 26 a factor of 203?
False
Is 53 a factor of 110892?
False
Does 74 divide 1184?
True
Does 56 divide 32396?
False
Is 13 a factor of 29835?
True
Does 141 divide 51200?
False
Is 27650 a multiple of 106?
False
Is 148 a factor of 48953?
False
Is 14 a factor of 1652?
True
Is 2 a factor of 415?
False
Does 96 divide 782?
False
Is 258 a multiple of 6?
True
Is 527 a multiple of 16?
False
Does 6 divide 150?
True
Is 22 a factor of 7370?
True
Is 75 a factor of 6825?
True
Is 397 a multiple of 101?
False
Does 4 divide 198?
False
Does 32 divide 2656?
True
Is 1653 a multiple of 4?
False
Is 6 a factor of 59?
False
Is 42402 a multiple of 37?
True
Is 924 a multiple of 22?
True
Is 405 a multiple of 5?
True
Is 64 a factor of 960?
True
Is 1376 a multiple of 18?
False
Is 24 a multiple of 8?
True
Is 34 a factor of 612?
True
Is 23274 a multiple of 15?
False
Does 10 divide 2706?
False
Is 115 even?
False
Does 62 divide 558?
True
Is 15 a factor of 639?
False
Is 5 a factor of 365?
True
Is 9 a factor of 1089?
True
Is 3